d(y) = -280*y**2 + 9702*y + 4. What is the thousands digit of d(6)?
8
Let a = -159 - 4581. Let d = 6817 + a. What is the units digit of d?
7
Let f be (-32)/48 + 4/6. Suppose 0 = -4*p - 4*l + 8, -4*l - 1 = 3*p - 4. Suppose 2 = 5*o + p*s - 23, -o - 4*s + 2 = f. What is the units digit of o?
6
Let m be -4*((-42)/(-12) - 4). Suppose -22*y = -m*y - 13260. What is the hundreds digit of y?
6
Suppose 4*p + 12*x = 17*x + 1748, 2172 = 5*p - 3*x. What is the units digit of p?
2
Suppose -4*g + 106 = -118. Let o = g + -211. Let j = 6 - o. What is the tens digit of j?
6
Suppose -2*t + 102 = 4*t. Suppose 0 = 4*l - 2*m - 2 - 22, -3*l + m = -t. Suppose 126 = -2*h + l*h. What is the tens digit of h?
4
Let o = 204621 - 145202. What is the thousands digit of o?
9
Let m(w) = w**3 + 4127*w**2 - 30 + 9*w - 4110*w**2 + 32. Let u(v) = v**3 + v**2 - v - 16. Let k be u(0). What is the hundreds digit of m(k)?
1
Suppose -81*j + 280 = -83*j. Let c = j + 194. What is the units digit of c?
4
Let r(u) = 114*u + 5. Let q be r(3). Suppose -4*h - 3*x = -2002, -4*h + 1647 = -x - q. Suppose 11 = -4*c + h. What is the units digit of c?
2
Let x = -283 - -298. Suppose -x*b + 684 = -9*b. What is the units digit of b?
4
Suppose -73674 = -18*h + 3150. What is the hundreds digit of h?
2
Suppose 4060 = 5*w + 3*n, 3*w + 0*w - 2*n = 2455. Suppose 3*g = w - 248. What is the units digit of g?
9
Let m(k) = 472*k - 71. Let z(a) = -6*a. Let r(o) = m(o) - z(o). What is the thousands digit of r(3)?
1
Let v(m) = 1260*m**3 + m**2 - 2*m + 1. Let x be (-4 - (3 - 4))*2/(-6). What is the tens digit of v(x)?
6
Let w(z) = -2*z - 12. Let a be w(-9). Suppose 2017 = a*f - 359. Suppose 22*g - f = 18*g. What is the units digit of g?
9
Let r(x) = -x**2 + 12*x + 26. Let g be r(14). Let z be (-57)/12 + (-1)/(-8)*g. Let k(d) = -d**3 - 5*d**2 - 5*d - 7. What is the tens digit of k(z)?
1
Suppose 0 = h + 2*v - 13994, -300*h = -297*h + 3*v - 41988. What is the thousands digit of h?
3
Suppose 0 = 29*r - 12*r - 182274. What is the hundreds digit of r?
7
Suppose 8*j - 127 = -31. Suppose -j*g = -5*g - 553. What is the tens digit of g?
7
Suppose 3*y = 3*a + 35652, -14*a + 9*a = -3*y + 35640. What is the tens digit of y?
9
Let l = -5 + 10. Suppose 2*o = 5*r + 131, 11*o - 10*o - 73 = 4*r. Suppose -3*x = 3*h - 39, h - 3*h + o = l*x. What is the units digit of x?
9
Let v(t) = -6*t + 44. Suppose 4 = 2*n, 14 = -2*a - 3*n + 2*n. Let u be v(a). Let m = u - -43. What is the hundreds digit of m?
1
Suppose 10*n - 4 = 16. Let i = 433 + -11. Suppose j = n*d + 67 - i, 2*d - 4*j - 358 = 0. What is the tens digit of d?
7
Suppose 3*u + 2 + 1 = 0, -2*w + 3*u = 209. Let a = -101 - w. Suppose -174 = a*j - 1244. What is the hundreds digit of j?
2
Let l be (2 - -3) + (-1 - 1). Suppose -3*o = 0, 4*i = 2*o + 9 + l. What is the units digit of -3*(i - 9)*3?
4
Suppose -25*g - 29 - 21 = 0. What is the units digit of (g - (-11)/4)/((-20)/(-1680))?
3
Suppose -3*l + 4*d - 89 = 0, -85 = 3*l - 4*d + 2*d. Suppose 428 = 9*n - 211. Let v = l + n. What is the tens digit of v?
4
Let x(g) = -17*g + 153. Let f(v) = 2*v + 1. Let m(n) = -6*f(n) + x(n). What is the hundreds digit of m(-4)?
2
Suppose -3*a + 25 = b - 5*a, -3*b = 4*a - 125. Suppose 5*t - 325 + b = 0. Suppose -i + 5*d = -t, -i + d - 5*d = -76. What is the units digit of i?
8
Let t be (34/(-6))/17 + 34/(-6). What is the units digit of ((-9)/t)/(18/1848)?
4
Let b(o) = 2*o**2 - 3*o - 13. Let w be b(-4). Let j = 36 - w. Suppose 0 = y + j*y - 60. What is the tens digit of y?
1
Let z = -574 - -270. Let s = z - -921. What is the tens digit of s?
1
Suppose -6*w - 6637 = -5*j + 4*j, 2*w = -6. What is the thousands digit of j?
6
Suppose 38838 = 24*g - 257730. What is the tens digit of g?
5
What is the ten thousands digit of (1 + 4 + -7 - 18453)/(6/(-6))?
1
Let b(j) = -46*j + 22. Suppose 17 - 42 = 5*g. What is the hundreds digit of b(g)?
2
Let r(s) = -2*s**3 - 5*s**2 - 3*s - 3. Let x be r(-3). Suppose -x*m = -10*m - 950. Let v = m - 101. What is the tens digit of v?
8
Let b = -111 + 146. Suppose -26125 = -b*m - 7715. What is the hundreds digit of m?
5
Let j = -617 - 2567. Let r = 4675 + j. What is the units digit of r?
1
Let p(a) = -6*a**2 + 2*a + 4. Let b(i) = i**2 - i - 1. Let o(q) = -4*b(q) - p(q). Suppose 15 = 3*k, -2*k - 16 = -4*f + 10. What is the units digit of o(f)?
0
Suppose 0 = 60*u - 55*u - 530. What is the hundreds digit of u?
1
Suppose 0 = -5*q - 2*j, -10*q = -5*q - 4*j - 30. Suppose 0 = 8*k - 9*k. What is the units digit of 57 - (-3 + k)/(q/(-2))?
4
Let s(f) = -f**2 + 5*f**3 - 4*f**2 - 8 + 1 + f + 3*f. Let q be s(3). Let w = q + -15. What is the tens digit of w?
8
Suppose 5*a + 10 = 0, -2*a + 60014 - 17243 = 5*j. What is the tens digit of j?
5
Suppose -248*l - 1513800 = -284*l. What is the units digit of l?
0
Let x = 4122 - 2707. What is the tens digit of x?
1
Let h = 10291 + -983. What is the hundreds digit of h?
3
Let j = 135 - 30. Let t = j + -79. What is the tens digit of 2058/t + 4/(-26) + -4?
7
Let o be 7*-1 + (14 - 167)/9 + 72. Let g be (2/(-4))/1*-132. Let n = o + g. What is the units digit of n?
4
Suppose -106*q + 51608 = 7618. What is the tens digit of q?
1
What is the hundreds digit of 31/((-93)/336450)*(-6)/10?
2
Suppose -33*c + 36*c = 12. Suppose 3*h = -u + 20 - c, -8 = -3*h + u. What is the units digit of h?
4
What is the tens digit of 10463*(88/80 - ((-6)/(-60) + 0))?
6
Let t = 23 - 14. Suppose -t = 8*s - 9*s. Let r = s + 67. What is the units digit of r?
6
Let r(u) = 9*u**3 + 2*u**2 - 11*u + 8. Let t be r(4). Suppose -3348 = -14*o + t. What is the units digit of o?
0
Let k(l) = -4*l**3 - 3*l**2 - 3*l - 1. Let d be k(-1). Suppose 3*q - b = 4*b + 21, d*q + b = 3. Suppose q*m = -10*m + 1380. What is the units digit of m?
5
Suppose -8*c = -5*z - 4*c + 131844, -3*c = 3*z - 79128. Suppose 0 = 48*u - z + 3236. What is the units digit of u?
2
Let w = -9228 + 10792. What is the thousands digit of w?
1
Let i be 2*(-4)/(-32) - 30/(-8). Suppose d - 6*d + 325 = 5*y, -i*y = -3*d - 225. Let r = 160 - y. What is the units digit of r?
0
Suppose 3*k - 2*y = 173132, -8322*y = 4*k - 8320*y - 230880. What is the ten thousands digit of k?
5
Suppose 0 = -g - 5, 1353 - 453 = 5*h - 2*g. Let p(k) = -11*k + 6. Let a be p(-6). Let d = h - a. What is the hundreds digit of d?
1
Let g(c) = -1. Let u(p) = -2*p - 18. Let z(n) = g(n) - u(n). Let b be z(9). Let q = b + -13. What is the units digit of q?
2
What is the ten thousands digit of (-8)/3 - (-45599774)/957?
4
Let g = 7871 - -4068. What is the units digit of g?
9
Let y = -3344 + 1879. Let h = -701 - y. Suppose 269 - h = -5*d. What is the units digit of d?
9
Let b = -3 - -8. Suppose 663 = m + 4*x - x, 4*x = b*m - 3334. What is the units digit of m?
6
Let s = 25 - 21. Suppose 4*f + s = -p - 3*p, -4*f - 5*p = 7. Let j(z) = 34*z**2 - 4*z + 6. What is the tens digit of j(f)?
3
Let z(y) = 2*y - 32. Let l be z(36). What is the tens digit of (5264/(-140))/((-2)/l)?
5
Suppose -3*u - 2 = -o, -8*o - 3 = -7*o - 4*u. Suppose z - 19*i - 673 = -o*i, -3*i = 5*z - 3404. What is the tens digit of z?
7
Suppose -10*c + 13*c + 5*l = 37645, l = 3*c - 37651. What is the ten thousands digit of c?
1
Let p = -31711 + 107675. What is the thousands digit of p?
5
Suppose 18*n - 151929 = -5*m + 15*n, 2*m = -4*n + 60752. What is the ten thousands digit of m?
3
Let q(w) = -w**3 + 3*w**2 + 4*w. Let o be q(4). Let f = 3923 - 3904. Suppose o = 11*z + f - 2263. What is the tens digit of z?
0
Suppose 7*d + 33 = 26. Let q be (84/49)/(-1*d/(-21)). Let v = 50 + q. What is the units digit of v?
4
What is the hundreds digit of (-18)/24*((-13713)/(-14))/(6/(-16))?
9
Suppose 11*t = 42746 + 206470. What is the tens digit of t?
5
Suppose -11*d = -16*d. Let t be 3/((-4 - d)/(-56)). Suppose b - 31 = t. What is the tens digit of b?
7
Suppose -5*a - 13105 = -5*v, 28861 = 11*v + 3*a - 8*a. What is the units digit of v?
6
Let o(j) = -7*j**3 - 2*j**2 + 48*j + 62649. What is the thousands digit of o(0)?
2
Suppose 5*h - 2*h - 51 = 0. Let y(l) = -l**3 - 53*l**2 + 51*l - 146. Let a be y(-54). What is the tens digit of h*((a - 8) + (1 - -1))?
7
Let d(r) = -2933*r**2 - 4*r. Let j be d(-2). What is the tens digit of j/16*2*(-14)/21?
7
Let m(q) = 324*q - 494. What is the hundreds digit of m(8)?
0
Let k(x) = 4*x**2 -